pose q*s - 6 = s. What is the units digit of i(s)?
7
Let n = -36 - -60. Let z = n - -4. What is the units digit of z?
8
Suppose 5*m - 13 = 2*m - w, 8 = 4*m - w. What is the units digit of m?
3
Suppose -3*j = -5*u - 146, 3*u + 111 = 3*j - 45. What is the tens digit of j?
5
Let y = 0 + 2. Suppose 0*z + y*z - 24 = 0. Suppose -c = g - z, 0 = 5*g + c + 3*c - 57. What is the units digit of g?
9
Let s = -2 - -2. Suppose -2*o + s*o = -28. What is the tens digit of o?
1
Let d(k) = -k**3 - k - 1. Let y be d(2). Let x = y - -7. What is the units digit of x/(-14) - (-19)/7?
3
Let d(r) = -16*r + 55. What is the hundreds digit of d(-17)?
3
Let j = 89 - 52. What is the units digit of j?
7
What is the units digit of (-4)/8 + (-13)/(-2)?
6
Let c = 20 - 6. Let j be (-284)/(-14) + (-4)/c. Suppose -j = 4*b - 9*b. What is the units digit of b?
4
Let r(j) = -j**2 + 15*j + 20. What is the tens digit of r(11)?
6
Let r(k) = -k**3 - k + 29. What is the tens digit of r(0)?
2
Let m(a) = -a - 6. Let b(u) = -u**3 - 4*u**2 + 3*u + 6. Let y be b(-4). Let t be m(y). Suppose t = 5*k - 3*k - 24. What is the units digit of k?
2
Suppose -b + 6*b - 110 = 0. Suppose -b = -2*s + 2*r - 2, 4*r = -4*s + 48. What is the tens digit of s?
1
Suppose -4*q = -8 - 16. Let z = -6 + q. Suppose -4 = -4*x - z. What is the units digit of x?
1
Let g(q) = 2*q + 2. What is the units digit of g(7)?
6
Let i = -1 - -5. Let d(p) = -p**3 + 8*p**2 - 6*p + 4. What is the units digit of d(i)?
4
Let w = 17 + -12. Let x = w + -3. What is the units digit of x - (0 - -2)/2?
1
Suppose -5*u = -2*u - 219. What is the units digit of u?
3
Suppose -55*c + 54*c = -3. Let x(r) = -4 - 1 + 6 + 4*r. What is the tens digit of x(c)?
1
What is the tens digit of (8/6)/((-6)/(-171))?
3
Suppose -2*a + 2 = 20. Let v = 5 + a. Let d = v + 10. What is the units digit of d?
6
Let k be (15/(-6) + 2)*-2. Let n = 9 - k. Let w = n + -4. What is the units digit of w?
4
Let i(a) = -7*a**3 - 9*a**2 - 6*a - 4. What is the hundreds digit of i(-3)?
1
What is the units digit of (-214)/(-10) - 13/((-325)/(-10))?
1
Suppose 3*f - f = -4*h - 8, 4*f + 2*h - 2 = 0. Suppose i - f = 2. What is the units digit of i?
4
Suppose -5*d - h + 2*h = -585, -2*h = 2*d - 234. What is the tens digit of d?
1
What is the tens digit of (1/3)/(1/222)?
7
Let n = 12 - 8. Suppose 5*k = 2*p - 7*p + 115, -71 = -3*p - n*k. What is the tens digit of p?
2
Let n = 6 + -2. Suppose j - 3*j = -n*g + 6, -j + 11 = 5*g. What is the units digit of g?
2
Suppose -v - v = -34. Let a = 27 - v. What is the tens digit of a?
1
Let q = 1 - -5. Let h be 4/q - 49/(-21). Suppose 7*w - 3*a = h*w + 5, 0 = -3*a + 15. What is the units digit of w?
5
Let g(f) = 12*f - 2. What is the tens digit of g(3)?
3
What is the units digit of (35 - (-2)/3*-3)*1?
3
Let c be (6/5)/((-2)/10). Let y = -8 - c. What is the units digit of 3 - 5/((-5)/y)?
1
Let x = 314 - 70. What is the hundreds digit of x?
2
Suppose 2*t - 142 = 2*b, -2*b - 211 = -3*t - b. What is the tens digit of t?
7
Let h(f) = -2*f - 11. Let v be h(-4). What is the units digit of 0 + -1 + v - -44?
0
Suppose -j - 57 = -y, -y - 2*j + 166 = 2*y. What is the tens digit of y?
5
Let f(a) = a**3 + 11*a**2 - 13*a + 8. Suppose -3*g + 8 = 44. What is the tens digit of f(g)?
2
Let q(n) = n**3 - 9*n**2 + 8*n + 9. Suppose 2*a = a + 20. Suppose 3*l - a = -k, 38 - 10 = k + 5*l. What is the units digit of q(k)?
9
Let g = 21 - 29. Let t(w) = w**3 - 2*w**2 - 7*w + 5. Let o be t(4). Let y = o + g. What is the units digit of y?
1
Suppose -5*y - 2 + 37 = 0. Let p = y + -10. What is the units digit of 8 + -1 + p/3?
6
Let u(d) = d**2 - 6*d + 9. Let q be u(6). Suppose 4*v - 56 = -5*k, -3*k - 4*v + 41 = -q*v. What is the tens digit of k?
1
Let a(o) = -4*o**2 + o + 1. Let u be a(-2). Let l(n) = -2*n + 1. Let v be l(14). Let f = u - v. What is the units digit of f?
0
Let b = 4 - 2. Suppose 7 = y - n, -b*y - 2*n + 4 = 10. Suppose -y*u = -21 + 5. What is the units digit of u?
8
Let k(y) be the second derivative of -7*y**3/3 + 6*y. What is the units digit of k(-1)?
4
Let t = -41 - -124. What is the units digit of t?
3
Let s = 13 - 6. Suppose 2*j + 9 = 4*f - s, -10 = 2*j + 2*f. What is the units digit of ((-1)/3)/(j/18)?
1
Suppose 0 = -5*k + 5*z - 10*z + 30, 3 = k - 2*z. Suppose 0 = -4*r - 3*b + 165, -4*r + 34 = b - 125. Suppose 46 = k*j - r. What is the units digit of j?
7
What is the tens digit of ((-368)/48)/((-2)/12)?
4
Suppose -3*z = -15, 54 = 3*d + z + 13. Suppose -3*k + d = -0*k. Suppose -3*n = -k*n + 5. What is the units digit of n?
5
Let y(v) = -27*v**3 - v**2 - v. What is the hundreds digit of y(-2)?
2
Let d be 10/(-15)*(-9)/(-1). Let q(i) = -6*i - 8. What is the tens digit of q(d)?
2
Suppose 0 = a + 2*a - 6. Suppose 5 = 3*c + a. What is the units digit of c?
1
Suppose 3*b + 5 = 14. Suppose -u - 40 = -b*u. What is the tens digit of u?
2
Suppose i - 4*m = 362, i - 724 = -i + 2*m. What is the units digit of i?
2
Let g = -10 + 14. Suppose -29 = -g*h - 3*z + 4, 3*z + 39 = 2*h. What is the tens digit of h?
1
Suppose -1360 - 1500 = -10*j. What is the hundreds digit of j?
2
Suppose 0 = -r + 7 - 3. What is the units digit of r?
4
Let b = 10 - 5. Suppose 3*l = 2*g + b, 0*g - l = -g. What is the units digit of g?
5
Suppose 2*d = 3*h - 39 + 126, -4*d = 2*h - 166. Suppose 0 = 14*j - 11*j - d. What is the tens digit of j?
1
Let y(u) = 2*u**2 - 2. Let b(x) = -x - 4. Suppose -2*k - 3 = 1. Let w be b(k). What is the units digit of y(w)?
6
Let k = -6 + 9. Suppose 4*j + 2*q = 14, 0 = -2*j + 5*j - q - k. Suppose j*p = p + 5. What is the units digit of p?
5
Suppose 14*z - 9*z - 5*d - 1835 = 0, 2*z = 3*d + 732. What is the tens digit of z?
6
Let f be (0 - -1) + 19 + 2. Let m = 39 - f. What is the units digit of m?
7
Let y(k) = -18*k - 8. What is the hundreds digit of y(-8)?
1
Suppose -5*k - 4*g = 16, -3*k - 2*g = -3 + 11. Let f(c) = c + 6. What is the units digit of f(k)?
6
Let u(v) = v**3 - 2*v**2 - 2*v - 2. Let m be (-2)/(4/3 - 2). Suppose 2*k = 2*i + 4*k + 4, 29 = m*i - 4*k. What is the units digit of u(i)?
1
Suppose -a + 0 + 49 = 0. Let m = -29 + a. What is the tens digit of m?
2
Let j(h) = -h**3 - 4*h**2 + 3*h - 9. What is the units digit of j(-5)?
1
Let y be ((-6)/5)/((-4)/160). Let q = y - 24. What is the units digit of q?
4
Let k(p) = -8*p + 4. Let u be k(4). Let i = u + 46. Let c = i - 13. What is the units digit of c?
5
Let f(d) = d**3 + d - 2. What is the units digit of f(2)?
8
What is the units digit of (15 + -3)*3*(-9)/(-4)?
1
Suppose -3*z = -8*z + 360. Suppose z = m + m. Suppose -4*t = 4*s - m, 3*s = -t - 0*t + 13. What is the units digit of t?
7
What is the units digit of (56/(-6) - 0)*-3?
8
Let a(d) = -d - 3. Let k(j) = -2*j - 3. Let p(c) = 7*a(c) - 6*k(c). What is the units digit of p(3)?
2
Suppose -3*j - 4*l = -258, -j + 133 = -l + 40. What is the tens digit of j?
9
Let w(a) = 3*a**2 - 7*a - 3 - 7*a**2 + 3*a**2. Let n be 6/4*(-2 + -2). What is the units digit of w(n)?
3
Let s = -19 - -103. What is the units digit of s?
4
Let n be (-23)/(-4) + 1/4. Let b be 12/(-18) + (-26)/n. What is the units digit of -5*(12/b + 0)?
2
Let l = -1 + 26. What is the tens digit of 1/((-1)/(0 - l))?
2
Let f be 27/(-36) + 50/(-8). Let x = -4 - f. What is the units digit of x + (-3 - -3) - -3?
6
Let m(q) = q**3 + 4*q**2 + q + 3. Let r be m(-3). Let y = r - 5. Suppose z = y*z - 24. What is the units digit of z?
8
Let h = -3 + 3. Suppose -n = -3*l + 4*l + 1, h = -3*l + 3*n + 21. What is the units digit of ((-2)/(-4))/(l/6)?
1
Let a(f) = -f**3 - 7*f**2 - 8*f - 6. Suppose -i = 4*l + 2, -16 = 5*i - l + 15. Let d(c) = c**2 + 8*c + 6. Let n be d(i). What is the units digit of a(n)?
6
Let v = 3 + -14. Let b = 20 + v. What is the units digit of b?
9
Suppose 0 = -b - 4*b - 90. Suppose -t - 9 = -5*d + 14, 3*d + 33 = -2*t. What is the units digit of (-4)/b + (-32)/t?
2
What is the tens digit of (156/(-15))/((-2)/5)?
2
Suppose -5*m = -3*j - 59, 10 = m + 2*j - 7. What is the tens digit of m?
1
Let b(y) = y**3 + 6*y**2 - 9*y - 6. Let t(c) = 2*c**2 + c - 1 - 5*c**2 + 2*c**2. Let o be t(3). What is the units digit of b(o)?
8
Let a be (-1 - 3)/(-4) - -1. Suppose 2*p = -a*r - 2*p + 80, 5*r + 4*p - 224 = 0. What is the units digit of r?
8
Let n be -2 + (5 - 0) + 5. Suppose n*c - 45 = 3*c. What is the units di